et g(n) = -n**3 + 5*n + 1. Let r be g(-3). Let x = 6 + r. What is the remainder when 32 is divided by x?
13
Let r = -32 - -57. Calculate the remainder when 71 is divided by r.
21
Let v(n) = -n**3 - 9*n**2 + 11*n + 10. Let a be v(-10). Suppose i - 7 - 20 = a. Let x = -16 - -31. What is the remainder when i is divided by x?
12
What is the remainder when 406 is divided by 1/(-3) - ((-138)/9 - -4)?
10
Suppose 7*m - 60 = 3*m. Suppose 7*a - 12*a = 0. Suppose a = -v + m + 19. What is the remainder when v is divided by 12?
10
Suppose -4*m - u + 43 = 0, 0 = 3*m + 4*u + 2 - 44. Calculate the remainder when 33 is divided by m.
3
Suppose -4*i = -g + 30, 5*g - 42 - 60 = -4*i. Suppose 0 = w - g + 6. Calculate the remainder when 63 is divided by w.
15
Suppose -20 = -10*j + 40. Calculate the remainder when 16 is divided by j.
4
Calculate the remainder when (-1736)/7*(36/16 - 3) is divided by 96.
90
Suppose 0 = -23*j + 20*j + 1980. Suppose -6*u + j = -u. What is the remainder when u is divided by 27?
24
Suppose -523*r + 528*r - 210 = 0. What is the remainder when 80 is divided by r?
38
Let h = -68 - -9. Let i = 66 + h. Calculate the remainder when (1/(-2))/(1/(-26)) is divided by i.
6
Suppose -3*s = 5*s - 1344. What is the remainder when s is divided by 44?
36
Let m be (-2)/(-1)*(9 - 10). What is the remainder when (9 - -1) + (-3 - -2) is divided by 4*4/(-8)*m?
1
What is the remainder when 39 is divided by ((-147)/3 + -3)*(-2)/4?
13
Let a = -118 + 121. Calculate the remainder when (4/(-6))/(843/(-279) + a) is divided by 8.
7
Let y = -28 - -65. What is the remainder when y is divided by 2*3/6*2 - -18?
17
Suppose 68 = 2*a - 3*c + c, -4*c - 101 = -3*a. Let t = 68 - a. What is the remainder when 62 is divided by t?
29
Let u = 109 + -89. What is the remainder when 52 is divided by u?
12
What is the remainder when 356 is divided by (-2)/(((-54)/(-153))/(-3))?
16
Let z(x) = -x**3 + 11*x**2 - 9*x - 13. Let y be z(10). Let w = y - -36. Calculate the remainder when w is divided by 19.
14
Calculate the remainder when 261 is divided by 12 + (75 - 7) + -7.
42
Let a = 1112 - 988. What is the remainder when a is divided by 14?
12
Let q(p) = -p**3 - 8*p**2 + 33*p + 14. Calculate the remainder when q(-11) is divided by 8.
6
Let h = -121 + 296. Suppose 7*a - h = 2*a. Suppose 3*s - 5*m - 1 = 16, 4*s = 2*m + 32. Calculate the remainder when a is divided by s.
8
Let c = -54 + 74. Calculate the remainder when (192/40)/(3/c) is divided by (-1)/(-4) - 134/(-8).
15
Let u = 96 - 42. Let q(m) = -m**2 - m + 1. Let c(r) = -5*r**2 + r + 4. Let a(o) = -c(o) + 6*q(o). What is the remainder when u is divided by a(-4)?
12
Suppose 21*y - 26*y + 15 = 0, -3*y = -3*x + 849. What is the remainder when x is divided by 10?
6
Suppose 0 = 3*w + g + 15 - 231, 3 = g. Let b(m) = m**2 - 7. Calculate the remainder when w is divided by b(-5).
17
Let t = 85 - 78. Suppose t*f - 926 - 264 = 0. Calculate the remainder when f is divided by 43.
41
Let p = 11 - 7. Let u = 1360 - 1343. Calculate the remainder when u is divided by p.
1
Let g(r) = 7*r**2 - 3*r - 1. Let d be (0 + -4)/(4 - 2). What is the remainder when g(d) is divided by 17?
16
Suppose -8*t + 37 + 35 = 0. What is the remainder when 40 is divided by t?
4
Let d(h) = 10*h**2 + 8*h + 11. What is the remainder when d(-4) is divided by 28?
27
Let y(n) = -n**2 + 16*n + 14. Let a(u) = 2*u + 16. Let i be a(0). Suppose 4*o + 3*j - 27 = o, -3*o + 17 = j. What is the remainder when y(i) is divided by o?
2
Let l = 41 - 14. Suppose -58 = -4*u - o - 216, 0 = u + 5*o + 49. Let q = u + 54. What is the remainder when l is divided by q?
12
What is the remainder when 264 is divided by (1 - -89)*(126 - 125)?
84
Let g = -492 + 898. What is the remainder when g is divided by 24?
22
Suppose 0 = -9*h - 24 + 195. What is the remainder when 61 is divided by h?
4
Suppose 5186 = 14*d - 12986. Calculate the remainder when d is divided by 65.
63
Suppose j - 2 = -j. What is the remainder when (j + 0)/1 + 28 is divided by 17?
12
Let w(v) be the third derivative of -v**5/60 - v**4/24 + 2*v**3/3 + 2*v**2. Suppose u + 0*u = 0. Calculate the remainder when w(u) is divided by 2.
0
Let m be -21*(16/6)/(-4). Suppose t - m = -4. Suppose -79 = 5*y - 264. What is the remainder when y is divided by t?
7
Let p = 37 + -32. Suppose j + 3*t = -j + 25, -4*j + 17 = -p*t. What is the remainder when -2*(30/4)/(-1) is divided by j?
7
Let m = 453 - 153. Suppose -2*f - 145 = -r + 2*f, -2*r - 2*f = -m. What is the remainder when r is divided by 19?
16
Suppose -2*c + 2*i + 54 = 0, -4*c + 85 = -3*i - 25. Calculate the remainder when 271 is divided by c.
10
Let h = 444 + -408. Calculate the remainder when 46 is divided by h.
10
Let o be -10*(2/4 + -1). Suppose o*s - 40 = 10. Suppose 5*b - 54 = 2*b. Calculate the remainder when b is divided by s.
8
Suppose 9*t = -5*l + 7*t + 296, -68 = -l + 4*t. Calculate the remainder when l is divided by 33.
27
What is the remainder when 2/(-26) - (-21890)/143 is divided by 7?
6
Let r = -158 + 162. Calculate the remainder when 1/(-1 + 42/40) is divided by 30/5*3*r/12.
2
Let m = 126 - 124. Let c = -78 - -55. Calculate the remainder when (c/m)/(3/(-6)) is divided by 8.
7
Let y = -190 + 190. Suppose z = -y*z + 107. Let j = 32 + -5. Calculate the remainder when z is divided by j.
26
Let o(y) = y**3 + 16*y**2 + 14*y - 2. Suppose -d + 7 + 1 = 0. Calculate the remainder when o(-15) is divided by d.
5
Suppose 3*l - 24 = -2*u - l, 2*u - 4*l + 8 = 0. Calculate the remainder when (25/(-4))/(1/(-4)) is divided by -2 - (-22)/u*2.
7
What is the remainder when 2013 is divided by 13 + 7 + -1 + -11?
5
Suppose -52 = -2*d - 2*d. Suppose 3*a + 65 = w, a - 2*a = 3*w + 5. Let f = 44 + a. Calculate the remainder when f is divided by d.
11
Suppose 0 = 4*z + 5*x - 17 - 154, z - 4*x = 48. Let f = 41 + -18. What is the remainder when z is divided by f?
21
Suppose 0 = -22*o - 58*o + 3360. Calculate the remainder when 160 is divided by o.
34
Suppose 3*i = 5*s + 648, -i + 242 = 3*s + 26. Calculate the remainder when i is divided by 55.
51
Let p(d) = 2*d**2 - 3*d. Let l be p(2). Let h(s) = -s - 1. Let y(a) = -a + 1. Let x(i) = l*y(i) + h(i). Calculate the remainder when x(-5) is divided by 9.
7
Let y(c) = c**3 + c**2 - 1. Let x be y(1). Let p(v) = 52*v**3. What is the remainder when p(x) is divided by 27?
25
Let n = 18 + -12. What is the remainder when 20 is divided by n?
2
Suppose -4*d = 11 - 143. Suppose -5*g + 0*g = -u - d, 2*g - 5*u - 4 = 0. Let s(v) = 10*v**2 + 2*v - 1. What is the remainder when s(1) is divided by g?
4
Let h = -1088 - -1232. What is the remainder when h is divided by 47?
3
Let k = -16 - -20. Let t = k + 0. Calculate the remainder when 14 is divided by t.
2
Let r be (-64)/(-10) - (-6)/(-15). Suppose -r*f = -57 - 21. Calculate the remainder when f is divided by 4.
1
Let g = 1 + 3. What is the remainder when 34/4 + (-25)/(-50) is divided by g?
1
Let z = 785 - 776. What is the remainder when z is divided by 3?
0
Let d(c) = 4*c**2 + 5*c - 5. Let w = -9 - -21. What is the remainder when d(2) is divided by w?
9
Let z(d) = -d + 12. Let v be z(10). Suppose -4*b - v*f + 8 = -0, -5*b + 13 = 4*f. What is the remainder when 13 is divided by b + 5 + (-2)/(-1)?
5
Let a(l) = -l**2 - 1. Let s(z) = -5*z**2 + 2*z + 10. Let i(n) = -4*a(n) + s(n). Suppose -8 = -2*u + 2. Calculate the remainder when i(0) is divided by u.
4
Suppose 3*j = -1 - 8. What is the remainder when (-140)/j + (-18)/27 is divided by 12?
10
Suppose 108 = 4*m + 5*t, 0 = m - 0*m - 5*t - 2. What is the remainder when 48 is divided by m?
4
Let n(u) = 2*u**3 - 27*u**2 - 32*u + 261. What is the remainder when (34/8)/((-2)/(-16)) is divided by n(14)?
7
Suppose -4*k - 2*s = -40, 2*k + 2*s - 4 = 16. Suppose -27 = k*i - 13*i. Calculate the remainder when i is divided by 6.
3
Suppose 8*t = 4*t - 8. Calculate the remainder when t + 2 - (-4 - 52 - 1) is divided by 15.
12
Suppose -16*r + 15*r = -18. Let u = r + -18. Suppose 3*n + 2*x - 13 = u, 2*x + 2 + 0 = 0. Calculate the remainder when n is divided by 4.
1
Calculate the remainder when 49 is divided by 6/(32/42 - (-4)/(-12)).
7
Suppose 278 = 7*j + 222. Calculate the remainder when 139 is divided by j.
3
Let l = -4 - -5. Suppose -5*d - 4 = -0*b + 4*b, 24 = b - 5*d. Calculate the remainder whe